ors of r.
3
Let s(x) = 3*x - 12. Let q be s(5). Suppose -2*u + 77 = -q*v, 24 = u - 3*v - 16. List the prime factors of u.
37
Let h = 49 + 73. Suppose 2*p - h = -4*z, -3*z + 2*z = -5*p - 36. What are the prime factors of z?
31
List the prime factors of (-3)/3*3 - -120.
3, 13
Let q(s) = 2*s - 2 - 4*s - 1. Suppose -z = 2*z + 15. List the prime factors of q(z).
7
Let t be (-5 - 0)*4/(-10). Suppose -3*v + 22 + t = 0. Suppose n - v = -3*n. List the prime factors of n.
2
Suppose 0 = -3*h - 2*p - 14, -4*h = 4*p + 4 + 20. Let l be h/(3/(-6) + 0). Suppose 8*k - l*k - 40 = 0. What are the prime factors of k?
2, 5
Let d(z) = 3*z**2 - 2*z + 2. Let j be d(1). Suppose 9*a + x = 4*a + 81, 3*x - j = 0. What are the prime factors of a?
2
Let a be ((-49)/(-28))/((-2)/(-40)). Let h be 10/a + 178/14. Suppose 5*l = -2*y + 17, 2*y - l + 2*l = h. What are the prime factors of y?
2, 3
Let y(j) = -j**2 + j + 16. Suppose 0 = 3*u - 2*u. List the prime factors of y(u).
2
Let v(t) = -t**3 + 6*t**2 + 2*t - 7. Let f be v(6). Suppose 0*j - 3*j - 38 = -f*m, 3*m + 2*j - 19 = 0. What are the prime factors of m?
7
Let s(z) = z**2 + 3*z - 8. Suppose -5*t = -0*t + 30. List the prime factors of s(t).
2, 5
Suppose 3 = 4*v - 1, 5*z - 216 = 4*v. What are the prime factors of z?
2, 11
Let o(c) = c**3 - 3*c**2 + 2*c. Let m be o(3). Suppose 4*g - 4*z - 16 = 0, 1 + m = -5*g - 4*z. What are the prime factors of 2 - (-2 + g + -9)?
2, 3
Let s = 3 + -4. Let a = s + 7. What are the prime factors of 1/3 + 22/a?
2
Suppose 5*l + 2*x - 634 = 0, -6*x + x = 2*l - 241. List the prime factors of l.
2
Let o(g) = -g + 1. Let d(x) = 5*x - 7. Let t(r) = -d(r) - 4*o(r). Let v = 9 + -13. What are the prime factors of t(v)?
7
Suppose -5*x - 75 = 5*r, 3*x = 4*x + 3. Suppose -k = -0*k + 6. What are the prime factors of r/k + 1*9?
11
Let q = -4 - -11. Suppose -10*s = -q*s - 78. What are the prime factors of s?
2, 13
Suppose b + c + 2*c - 32 = 0, -2*b + 3*c + 37 = 0. What are the prime factors of b?
23
Let y(x) = 3*x + 1. Let w(r) = 2*r + 1. Let z(c) = 4*w(c) - 5*y(c). Let o be z(-3). Suppose 4*j = -0*j + o. What are the prime factors of j?
5
Let i = -18 - -10. Let d be 2/i + 1/4. Suppose 5*c - 40 - 5 = d. What are the prime factors of c?
3
Suppose -2*a + 4*z + 4 = -0*a, 0 = -4*a + 5*z + 14. Suppose -d = -a*d + 60. List the prime factors of d.
2, 3
Suppose -5*t - 9 = v, -t + 2*t + 13 = -3*v. Let g(f) = 15*f**2 - f - 1. Let i be g(t). What are the prime factors of (-3)/i - 42/(-10)?
2
Let t = -96 - -461. List the prime factors of t.
5, 73
Let z(p) = -7*p - 19. What are the prime factors of z(-12)?
5, 13
Let s = 2 + -1. Let c be 3 - (-2 + (s - 0)). Suppose -3*m = c*t - 40, 0*m + 40 = 4*t - 5*m. List the prime factors of t.
2, 5
Suppose -1 = 2*u - 25. Suppose s - 5 - u = 0. List the prime factors of s.
17
Let y(w) = -2*w + 7. Let u(b) = b**2 + 7*b + 1. Suppose 0 = 3*s - 7*s - 24. Let p be u(s). List the prime factors of y(p).
17
Suppose -8 = -2*g - 0*g. Suppose b + b = -g*x + 144, 76 = 2*x + 3*b. Suppose 2*p = -3*r + x - 13, 0 = -r + 3*p. What are the prime factors of r?
2, 3
What are the prime factors of (-2 - 3/(-6))*(-834)/9?
139
Let q = -6 + 18. What are the prime factors of (18/q)/((-6)/(-56))?
2, 7
Suppose -t + 63 = 3*g, -4*g + g + 63 = -4*t. Let v(u) = 3*u + 1. Let z be v(1). List the prime factors of 132/g - z/14.
2, 3
List the prime factors of 22*(-6)/(-2) - -4.
2, 5, 7
Let p be (-28)/(-6) + 2/(-3). Suppose -5*s = q - 19, -p*q + 49 = q + 2*s. What are the prime factors of q?
3
Let x(h) = -h**3 + 4*h**2 + 7*h - 5. Let f be x(5). Suppose 5*o + n - 24 = 5*n, 28 = f*o - 3*n. List the prime factors of o.
2
Suppose 2*b - 5 - 45 = 0. List the prime factors of (b/3)/((-5)/(-15)).
5
Let c(p) = 3*p + 10. Let q be c(-8). Let w = 28 + q. What are the prime factors of w?
2, 7
Suppose h - 5*q - 42 = 0, h - 93 = -h + q. List the prime factors of h.
47
Suppose -5*x - 3*q - 81 = -9, -35 = 2*x - 5*q. Let l be -2 + 4 + x - 2. Let h = l - -29. List the prime factors of h.
2, 7
Let t = 57 - 32. What are the prime factors of t?
5
Let v = -5 + 7. Let r = 12 + v. What are the prime factors of r?
2, 7
Let t(a) = a + 286. List the prime factors of t(0).
2, 11, 13
Suppose -4*i - 38 = -134. Let x be (-2)/(-7) + i/14. Suppose -4*m - 12 = 5*o - 38, 0 = 3*o + x*m - 14. List the prime factors of o.
2
Suppose 4*v = 2*v + 6. Suppose -2*c - v*c = 10. What are the prime factors of -1 - (c - -2 - 5)?
2
Let d(r) = r**3 - 3*r**2 - 6*r + 6. Let j(l) = 3*l**3 - 9*l**2 - 17*l + 17. Let w(n) = -8*d(n) + 3*j(n). What are the prime factors of w(4)?
7
Let x(i) = 6*i + 3. Let j be x(-2). Let c(g) = -g**3 - 10*g**2 - 8*g - 4. Let l be c(j). Let w = l + 22. List the prime factors of w.
3
List the prime factors of 20/(-5) + 291 + -4.
283
Let k(i) = -2*i + 11. List the prime factors of k(-12).
5, 7
Suppose 3*d - 6 = -2*d - 2*c, d + c - 3 = 0. List the prime factors of d + 21/1 + -2.
19
Let o(d) = -7*d + 8. Suppose -2*z - 6 = 2*x, x + 3 + 6 = 5*z. List the prime factors of o(x).
2, 3
Let r = -9 + 11. Let w = r - -17. What are the prime factors of w?
19
Suppose 2*p = -10 - 4. Suppose -5*c + 6 = 3*f - 7, -24 = f - 4*c. Let t = f - p. What are the prime factors of t?
3
Suppose 4*j = 2*u - 290, 0 = 5*u + 3*j - 962 + 250. Suppose 4*w - 5*m = 111, 6*w - w - u = 2*m. List the prime factors of w.
29
Suppose 0 = 5*d - 15, -2*d + 12 = -2*c - 4*d. Let v = 9 + 7. Let n = c + v. List the prime factors of n.
7
Let q(v) be the third derivative of v**5/20 - v**4/8 + v**3/3 - 14*v**2. Let z = -4 + 6. What are the prime factors of q(z)?
2
Suppose 4*k - 12 = 3*j + 5, 5*k + 4*j = -2. Suppose 3*f - k*f = 5. List the prime factors of f.
5
Let k be (-510)/(-40) - (-2)/8. Suppose -r - 8 = -k. List the prime factors of r.
5
Suppose 2*c = -2*c. Suppose -4*m + 3*g + 21 = c, -4*g = -0*m + 4*m. Suppose u + m*u = 48. List the prime factors of u.
2, 3
Let m(p) = -3*p + 3. Let q be m(-3). Suppose -4 + 8 = -4*a. List the prime factors of a/(22/q - 2).
2, 3
Suppose 11 = -4*v + 4*t + 43, 4*t = v - 11. Let k(s) = -s + 11. What are the prime factors of k(v)?
2
Suppose -3*y + 0 + 3 = 0. Let j = -1 - y. Let d = j + 7. List the prime factors of d.
5
Let s = -17 - -33. Suppose -6*w + s = -4*w. What are the prime factors of w?
2
Suppose 85 = 2*h - 91. What are the prime factors of h?
2, 11
Let k(c) = -c**2 - 4*c + 2. Let q be k(-6). Let x = q + 19. What are the prime factors of 99/6*6/x?
11
Suppose -d + 4*d = -2*p - 44, -20 = 2*d - p. List the prime factors of (-128)/d - (-2)/6.
11
Let n(f) = 0*f**2 - f**3 - f**2 - 6 - 3*f**2. Let y(j) = j - 14. Let g be y(9). List the prime factors of n(g).
19
Let z = 3 + -1. Let x = 7 + z. List the prime factors of x.
3
Suppose 190 = 3*f - 2*z, 4*z + 50 = f - 0*f. What are the prime factors of f?
2, 3, 11
Suppose -5*o + 0*o = -5*a + 10, -4*o = 3*a + 15. Let i be ((-1)/(-4))/(a/4). List the prime factors of 10 - (i/1 + -1).
2, 3
Let d = -1 - -6. List the prime factors of d.
5
Let m(g) = -g**3 + 8*g**2 - 6*g + 8. Let f(y) = y - y**2 + 1 - 3*y + y. Let j(v) = f(v) + m(v). List the prime factors of j(6).
3
Suppose -47 = -5*n + 38. What are the prime factors of n?
17
Let b = 1 + 20. What are the prime factors of b?
3, 7
Let i(y) = -29*y. What are the prime factors of i(-1)?
29
Let l(b) = -12*b**3 + 5*b**2 - 5. Let o(p) = -25*p**3 + 11*p**2 - 11. Let d(t) = 13*l(t) - 6*o(t). List the prime factors of d(-1).
2, 3
Let m(b) = b - 2. Let j be m(4). Suppose -j*w + 3*w - 5 = 0. What are the prime factors of w?
5
Suppose 5*l + 26 = d, 0*d - 133 = -3*d + 4*l. List the prime factors of d.
3, 17
Let s(r) = 2*r - 1. Let p(a) = 5*a - 3. Let o(b) = -3*p(b) + 8*s(b). Let k(m) = 3*m + 6. Let v(x) = k(x) - 2*o(x). List the prime factors of v(0).
2
Let d = 2 + -2. Suppose 33 = -d*h + h. Suppose 0 = -2*u - u + h. List the prime factors of u.
11
What are the prime factors of 171 - ((3 - 6) + 4)?
2, 5, 17
Suppose -2*q + 28 = -5*z, q + 3*z + 5 - 19 = 0. List the prime factors of q.
2, 7
Suppose -4*g - 110 = -578. What are the prime factors of g?
3, 13
Let q = 2 + -2. Suppose q*z + z - 7 = 0. Suppose -3*g + z + 20 = 0. What are the prime factors of g?
3
Let x be (-4)/((-4)/5) - 2. Let o be 2/6 - 16/(-6). Suppose 0*z - z - o*f = -1, -5*f = x*z - 15. List the prime factors of z.
2, 5
Supp